*5. Give r(-2).
8
Let n(b) be the first derivative of b**2 + 4*b - 2. Give n(-3).
-2
Let o be ((-18)/12)/(-2 - 1). Let t(s) be the second derivative of 3/4*s**4 + o*s**2 - 1/6*s**3 + 0 + s. Give t(1).
9
Let w be 2/4 + 36/8. Suppose -2 - 2 = -2*m. Let h = w - m. Let t(v) = v - 3. Determine t(h).
0
Suppose 0 = 4*q - 5*g - 28, 0 = -q - 3*q - 4*g + 28. Let d = q + 1. Let h(k) = -d*k + 2*k - 5 + 2 - k**2. What is h(-2)?
5
Suppose -2*g + 3*g + 1 = -5*q, g + 4*q + 2 = 0. Let p(c) = -c**2 - 7*c - 9. What is p(g)?
-3
Let t(p) be the second derivative of p - 1/6*p**3 - 1/2*p**2 - 1/5*p**5 + 0 - 1/12*p**4. Determine t(-1).
3
Let y(s) = s - 3. Let q be 155/35 + (-9)/21. Give y(q).
1
Let d(w) be the first derivative of 2*w**2 + w + 3*w + 3 - w**2 + 1. Determine d(-3).
-2
Let p = -13 - -15. Let w(j) = 2*j + j + 4 - 2*j - j**3 - 2*j**p - 2. Calculate w(-2).
0
Let g(y) = -15*y**3 + 3*y**2 - 2*y + 3. Let u(p) = 29*p**3 - 5*p**2 + 3*p - 5. Let r(x) = 5*g(x) + 3*u(x). Let i = 2 - 1. Give r(i).
11
Let x(o) = -o**3 + 2*o**2 + 4*o. Let l(n) = -3*n - 10. Let d be l(-5). Suppose -i + 4 = 2*i - d*s, -s = i - 4. Calculate x(i).
3
Let y(w) = 6*w**2 + 5*w + 0*w**3 - 7 + w**3 - w. Suppose 2*f + 35 = -3*f. Let s be 33/f - 4/14. What is y(s)?
-2
Let v = 8 + -2. Suppose -4*u - 4*a = -8, -3*a - 2 = u - v*u. Let l(m) = 7*m**2 + 1. Calculate l(u).
8
Let k(v) = 3*v**2 + 3*v - 2. Let x(b) be the third derivative of 7*b**5/60 + b**4/4 - 5*b**3/6 - b**2. Let m(p) = 5*k(p) - 2*x(p). Give m(-4).
4
Let c(x) = -10 + 18*x + 6 - 19*x. Let y(i) = -i + 4. Suppose 2*l - 24 = -4*v + 8, -5*l + v + 36 = 0. Let g be y(l). Give c(g).
0
Let g(z) = z - 8. Let v be (1 + 2)*2/1. Calculate g(v).
-2
Suppose 5*g + 3*v - 9 = 12, -2*g = -5*v + 4. Let s(y) be the third derivative of 0 - 3*y**2 - 1/24*y**4 + 0*y - 2/3*y**g. Calculate s(3).
-7
Let i(y) = -y**3 + 6*y**2 - 2*y - 2. Suppose -10 = b - 3*b. What is i(b)?
13
Let y(a) = 3*a**3 + 2*a - 1. Let d be y(1). Suppose 5*t - 20 = -4*r, 11 - 31 = -d*r + 3*t. Let u(b) = -b**2 + 5*b. Give u(r).
0
Let p(l) = l. Let g(n) = 3*n - 3. Let b(i) = -12*i + 12. Let o(a) = 2*b(a) + 9*g(a). Let x(v) = -o(v) - p(v). Calculate x(2).
-5
Let u(t) = -8*t - 1. Let y be u(-1). Let h(i) = -i**3 + 8*i**2 - 6*i - 5. Calculate h(y).
2
Let c(i) = -i**2 + 5*i - 2. Suppose 5*m - y + 3*y = 8, 3*y - 1 = -2*m. Suppose -4*h + 14 = m*z, 0 = 2*h + 4*z + 5 - 3. Determine c(h).
-2
Let o(k) = 3*k - 1. Let p(c) = 3*c - 1. Let h(f) = f**3 - 4*f**2 - 5*f - 6. Let t be h(5). Let m = -6 + 11. Let n(b) = m*p(b) + t*o(b). Calculate n(1).
-2
Let c(k) = 2*k**2 - k + 0*k + 0*k**2. Let i(m) = -4*m + 197. Let l be i(49). Calculate c(l).
1
Let g(a) be the second derivative of a**3/6 - 8*a. Give g(5).
5
Let p(z) = z**3 - 4*z**2 - z + 2. Let d = 30 - 26. Give p(d).
-2
Let i(s) = 12*s + 1. Let m(t) = -8*t. Let a(b) = -7*b. Let h(g) = -7*a(g) + 6*m(g). Let q(c) = 6*h(c) - i(c). Give q(-1).
5
Let o(d) be the second derivative of -d**4/12 - d**3 - 5*d**2/2 + d. Suppose 40 = 5*h - m, h - 4*m - 4 = 4. Suppose -h = -5*a + 17, 2*a = -2*n. Calculate o(n).
0
Let g(r) = -5*r**3 - r**2 + 2*r - 1. Suppose -j + 2 = j. Calculate g(j).
-5
Let j(a) = -a**2 + 7*a + 11. Let o(f) = -f - 1. Let i(l) = j(l) + 6*o(l). Suppose 4*r + 8 = 4*h, -h - 5*r - 6 = 4. Determine i(h).
5
Let n(j) = -j**3 - 10*j**2 + 8. Let c be n(-10). Suppose 5*i + c + 12 = 0. Let z be (3 + i - -7) + 0. Let a(l) = -l**3 + 6*l**2 + 2*l - 5. What is a(z)?
7
Let y(t) = t + 1. Let n(q) = q**2 + 5*q - 6. Let v be n(-6). Suppose 3*m + 2*g = 98, -m + 3*g + 13 + 5 = v. Let x be m/(-8) - 1/4. Determine y(x).
-3
Let z = -6 + 3. Let h(x) = 5*x**2 + 7*x - 9. Let v(t) = -3*t**2 - 3*t + 4. Let g(p) = z*h(p) - 7*v(p). Determine g(1).
5
Let a(g) = g**3 + 8*g**2 - 7*g + 9. Suppose 0 = -4*v - 3*j - 51, 0 = 5*v + 5*j + 50 + 20. Calculate a(v).
-9
Let x(g) = -3*g + 1. Let q(h) = -4*h + 1. Let m(t) = -4*q(t) + 5*x(t). Give m(3).
4
Let t(n) = -4 + 6*n - 5*n**2 + 9 + 2 - n**3. Suppose k + 9 = -p, -p - 4*p - k = 33. Calculate t(p).
7
Suppose -6 - 3 = -3*r. Let u(y) = 0*y + 2*y - 3 - y - 2. What is u(r)?
-2
Let v(c) = 3*c**2 - c. Let b be 1 + 2 + -3 + -1. Let h be v(b). Let m(t) = 2*t + 1. Calculate m(h).
9
Let d(k) = -3*k. Let l be d(0). Suppose -2*c + l*a + 15 = a, -4*c + 5*a = -9. Let j(i) = -i**2 + 9*i - 5. What is j(c)?
13
Let f be 30/(-9)*(-6)/4. Suppose 0 = 4*z + z. Let n(l) = l + z*l + 3 - 2. What is n(f)?
6
Let z = 6 - 2. Suppose 1 = a + 2*a + 2*g, 2*a = 2*g + 14. Let o(p) = 2*p - z*p - a*p. Determine o(-1).
5
Let m(a) = 5*a - 44. Let i be m(10). Let p(k) be the third derivative of -k**6/120 + 7*k**5/60 - k**4/4 + k**3/6 + k**2. What is p(i)?
1
Let w(t) = 9*t**3 + t**2 - 1. Let r(j) = 2*j - 5. Let a be r(3). Determine w(a).
9
Let v(j) be the first derivative of j**2/2 - 4*j + 2. Let c = -2 + -1. Let t = -3 - c. Give v(t).
-4
Let x = 0 + 5. Suppose x*h - h = 16. Let v(t) = -4*t**3 + t**2 + 4*t - 6. Let i(y) = 5*y**3 - 3*y + 7. Let k(g) = h*v(g) + 3*i(g). Determine k(5).
7
Let u(z) = 3*z + 6. Let t = 198 - 202. Calculate u(t).
-6
Suppose -5*b + 3*c + 9 = 0, -4*b + 2*c - 3*c = 3. Let y(x) be the first derivative of 2 - 2*x + b*x**2 + 1/3*x**3. Give y(-2).
2
Let h = 4 + 1. Let p be ((0 - 3)/3)/1. Let o(q) = q + 1. Let n(t) = 2*t + 9. Let y(b) = p*n(b) + 3*o(b). What is y(h)?
-1
Let z(u) = -3*u - 1. Let c be z(-1). Suppose -c*r = -9 + 19. Let d(l) be the third derivative of l**5/60 + l**4/24 - 7*l**3/6 - l**2. Calculate d(r).
13
Let f(o) be the third derivative of o**5/60 + o**4/6 + 2*o**3/3 - 41*o**2 - 2*o. Give f(-4).
4
Let y(u) = u**3 + 3*u**2 - 2. Let c be ((-20)/8)/(1/2). Let n(g) = 2*g - 4. Let i be n(3). Let p = c + i. What is y(p)?
-2
Let t(c) = -c. Suppose 0 = -4*d + 3*f - 5, 2*d + f + 35 = -4*f. Calculate t(d).
5
Let u(f) = f**3 - 2*f**2 - 2*f + 2. Let i = 5 - 1. Let z = 7 - i. Suppose -z + 7 = 2*j. Calculate u(j).
-2
Let i(j) = -2*j**3 - 7*j**2 - 9*j + 5. Let k(q) = -q**3 - 3*q**2 - 5*q + 3. Let v(h) = 3*i(h) - 5*k(h). Determine v(-6).
12
Let i(n) = -2*n**3 + n + 2. Let u(k) be the first derivative of k**4/4 + 7*k**3/3 + 4*k**2 + 14*k + 3. Let z be u(-6). What is i(z)?
-12
Suppose 3*p = 0, 3*d - 4 = -3*p + 11. Let z(n) = -d*n - n**3 + 4*n**2 + 2*n**3 + 0*n**2. Calculate z(-5).
0
Let h(p) be the second derivative of -p**3/6 + p**2/2 + 18*p - 1. Let i be (-4)/(-3) - (-2)/3. Determine h(i).
-1
Let q(l) = l**2 - 13*l - 12. Let t be q(14). Let n(k) = k**3 - 4*k**2 + 3*k - 1. What is n(t)?
-3
Let a(b) be the first derivative of b**3/3 + 3*b + 25. What is a(5)?
28
Suppose -2*u + 6*u + 45 = 5*d, -5*d = -2*u - 35. Suppose -d*z = 33 - 8. Let c(o) = o + 7. Give c(z).
2
Let b(k) be the second derivative of -k**3/2 + k**2/2 - k. What is b(1)?
-2
Let p(j) = 3*j**3 - 2*j**2 + 2*j - 1. Let o = -8 + 21. Suppose 2*i = 5*x + o, 3*i + 3*x + 12 + 21 = 0. Let y be i/9*6/(-4). Calculate p(y).
2
Let z be (-4)/(-2)*36/8. Let d(u) = -8*u - 27. Let o(q) = 2*q + 7. Let v(n) = z*o(n) + 2*d(n). Give v(-6).
-3
Let l(b) be the first derivative of -b**2/2 - 3*b - 8. Determine l(-3).
0
Let f = 203 + -193. Let g(s) = -s + 5. What is g(f)?
-5
Suppose -q = g + 2 + 2, -3*g - 11 = 4*q. Let z(d) be the second derivative of d**4/12 + 7*d**3/6 + 3*d**2 + 4*d. Give z(g).
-4
Let f = -9 - -3. Let l(c) = 11*c - 17. Let d(u) = -5*u + 8. Let h(q) = f*l(q) - 13*d(q). Calculate h(0).
-2
Let m(p) = -9*p + 8. Let z(s) = -36*s + 33. Let j(a) = -21*m(a) + 5*z(a). What is j(2)?
15
Let t(b) = -b**2 - 2*b - 4. Let c be t(-3). Let l(m) = 0*m - 51719 - 7*m - m**2 + 51726. What is l(c)?
7
Let r(x) be the second derivative of -1/6*x**3 + 0 + x**2 + 1/12*x**4 + 4*x. Give r(0).
2
Let a(v) be the first derivative of v**2 + 51. Give a(-3).
-6
Suppose 3*z = 12, 0*p + 8 = -2*p + 4*z. Let i(b) = b**2 - 3*b + 2. Calculate i(p).
6
Let d be -3 + (-4)/((-8)/6). Let k(h) = h**2 - 11. Determine k(d).
-11
Let w be (-1 + 0)*-1 - -6. Let m(d) = -w*d**2 - d - 2*d + 4 + 8*d**2. Let f be 4/6*3 - -1. Determine m(f).
4
Let n(c) = 3*c - 3. Let w be n(3). Let a be w/8 - 1/(-4). Let f(d) = -a + d - 3*d + 6. Determine f(5).
-5
Let k(n) = 3*n**2 + 2*n + 8. Let v(y) = -4*y**2 - y - 9. Let q(a) = 5*k(a) + 4*v(a). Calculate q(6).
4
Let v(f) = f. Suppose -10 = -4*u - 26. Let y be ((-24)/(-16))/((-2)/u). Determine v(y).
3
Let u(b) = -2 + 5*b + 1 + 2. S